{"id":51,"date":"2025-11-26T17:11:38","date_gmt":"2025-11-26T17:11:38","guid":{"rendered":"https:\/\/hoizglueck.at\/?page_id=51"},"modified":"2025-12-15T16:26:53","modified_gmt":"2025-12-15T16:26:53","slug":"impressum","status":"publish","type":"page","link":"https:\/\/hoizglueck.at\/index.php\/impressum\/","title":{"rendered":"Impressum"},"content":{"rendered":"<h2>Impressum<\/h2>\n<p><strong>Hoizgl\u00fcck M\u00e4rzinger<\/strong><br \/>CNC-Holzfertigung &amp; Holzverarbeitung<br \/>Inhaber: Wolfgang M\u00e4rzinger<\/p>\n<p><strong>Adresse:<\/strong><br \/>Hanriederstra\u00dfe 2<br \/>4154 Kollerschlag<br \/>\u00d6sterreich<\/p>\n<p><strong>Kontakt:<\/strong><br \/><strong>Telefon:<\/strong> +43 680 122 94 08<br \/><strong>E-Mail:<\/strong> office@hoizglueck.at<br \/><strong>Web:<\/strong> www.hoizglueck.at<\/p>\n<p><strong>Unternehmensform:<\/strong> Einzelunternehmen<br \/><strong>Inhaber:<\/strong> Wolfgang M\u00e4rzinger<br \/><strong>Gewerberechtliche Vorschriften:<\/strong> Gewerbeordnung (GewO) \u2013 www.ris.bka.gv.at<br \/>Bezirkshauptmannschaft: Rohrbach (zust\u00e4ndige Beh\u00f6rde)<\/p>\n<p>Mitglied bei: Wirtschaftskammer \u00d6sterreich (WKO), Sparte Gewerbe &amp; Handwerk<br \/><strong>UID-Nummer:<\/strong> ATU76397347<\/p>\n<p><strong>Haftungsausschluss:<\/strong><br \/>Alle Inhalte dieser Website wurden sorgf\u00e4ltig gepr\u00fcft. Dennoch \u00fcbernimmt Hoizgl\u00fcck M\u00e4rzinger keine Gew\u00e4hr f\u00fcr Richtigkeit, Vollst\u00e4ndigkeit und Aktualit\u00e4t der Angaben. Haftungsanspr\u00fcche jeglicher Art werden ausgeschlossen.<\/p>\n<p><strong>Urheberrecht:<\/strong><br \/>Alle Inhalte (Texte, Bilder, Grafiken) dieser Website sind urheberrechtlich gesch\u00fctzt. Jede Verwendung ohne ausdr\u00fcckliche Zustimmung ist untersagt.<\/p>\n<p><strong>Online-Streitbeilegung gem\u00e4\u00df Art. 14 Abs. 1 ODR-VO:<\/strong><br \/>Die EU-Kommission stellt eine Plattform f\u00fcr au\u00dfergerichtliche Online-Streitbeilegung bereit: https:\/\/ec.europa.eu\/consumers\/odr<\/p>\n","protected":false},"excerpt":{"rendered":"<p>Impressum Hoizgl\u00fcck M\u00e4rzingerCNC-Holzfertigung &amp; HolzverarbeitungInhaber: Wolfgang M\u00e4rzinger Adresse:Hanriederstra\u00dfe 24154 Kollerschlag\u00d6sterreich Kontakt:Telefon: +43 680 122 94 08E-Mail: office@hoizglueck.atWeb: www.hoizglueck.at Unternehmensform: EinzelunternehmenInhaber: Wolfgang M\u00e4rzingerGewerberechtliche Vorschriften: Gewerbeordnung (GewO) \u2013 www.ris.bka.gv.atBezirkshauptmannschaft: Rohrbach (zust\u00e4ndige Beh\u00f6rde) Mitglied bei: Wirtschaftskammer \u00d6sterreich (WKO), Sparte Gewerbe &amp; HandwerkUID-Nummer: ATU76397347 Haftungsausschluss:Alle Inhalte dieser Website wurden sorgf\u00e4ltig gepr\u00fcft. Dennoch \u00fcbernimmt Hoizgl\u00fcck M\u00e4rzinger keine Gew\u00e4hr f\u00fcr Richtigkeit, [&hellip;]<\/p>\n","protected":false},"author":1,"featured_media":0,"parent":0,"menu_order":0,"comment_status":"closed","ping_status":"closed","template":"elementor_header_footer","meta":{"footnotes":""},"class_list":["post-51","page","type-page","status-publish","hentry"],"_links":{"self":[{"href":"https:\/\/hoizglueck.at\/index.php\/wp-json\/wp\/v2\/pages\/51","targetHints":{"allow":["GET"]}}],"collection":[{"href":"https:\/\/hoizglueck.at\/index.php\/wp-json\/wp\/v2\/pages"}],"about":[{"href":"https:\/\/hoizglueck.at\/index.php\/wp-json\/wp\/v2\/types\/page"}],"author":[{"embeddable":true,"href":"https:\/\/hoizglueck.at\/index.php\/wp-json\/wp\/v2\/users\/1"}],"replies":[{"embeddable":true,"href":"https:\/\/hoizglueck.at\/index.php\/wp-json\/wp\/v2\/comments?post=51"}],"version-history":[{"count":19,"href":"https:\/\/hoizglueck.at\/index.php\/wp-json\/wp\/v2\/pages\/51\/revisions"}],"predecessor-version":[{"id":315,"href":"https:\/\/hoizglueck.at\/index.php\/wp-json\/wp\/v2\/pages\/51\/revisions\/315"}],"wp:attachment":[{"href":"https:\/\/hoizglueck.at\/index.php\/wp-json\/wp\/v2\/media?parent=51"}],"curies":[{"name":"wp","href":"https:\/\/api.w.org\/{rel}","templated":true}]}}